se 12, what is 3 + 1b98?
1b9b
In base 5, what is -3 + 32414431?
32414423
In base 10, what is -856 - 2756?
-3612
In base 10, what is 12 - 353?
-341
In base 11, what is 176050 - 2?
176049
In base 6, what is -43053 + 435?
-42214
In base 8, what is -34 - -16727?
16673
In base 13, what is -31bc67 + 5?
-31bc62
In base 4, what is 11021102 - -11?
11021113
In base 4, what is 103330 + -113?
103211
In base 9, what is 4500601 - 3?
4500587
In base 2, what is -100011100110 + -110011?
-100100011001
In base 6, what is 2 - 20121404?
-20121402
In base 9, what is 1833 + -1336?
486
In base 13, what is -25 + 21a5b?
21a36
In base 3, what is -2102012 + 12002?
-2020010
In base 14, what is -1 + -82c8?
-82c9
In base 15, what is 1ede2 - 2?
1ede0
In base 4, what is 2131220 + 130?
2132010
In base 11, what is -58548 - -2?
-58546
In base 11, what is 8 + -7418a?
-74182
In base 9, what is 2 + -18055?
-18053
In base 6, what is -131424 + -153?
-132021
In base 8, what is -3 + 1457?
1454
In base 12, what is -1 - 252b?
-2530
In base 8, what is -30371 - -4?
-30365
In base 13, what is -12 + -217?
-229
In base 6, what is 5135335 + -4?
5135331
In base 5, what is 1304 - 133300?
-131441
In base 13, what is 0 - 549b3?
-549b3
In base 7, what is -5 + 3431?
3423
In base 3, what is 2010100110 + -1200?
2010021210
In base 4, what is 1231 - -331?
2222
In base 3, what is -11 - -112112211?
112112200
In base 16, what is 206a + -168?
1f02
In base 2, what is 1010001111010001 - 1011?
1010001111000110
In base 10, what is 13350 - -187?
13537
In base 13, what is -b - -162c87?
162c79
In base 13, what is 81438 + 1?
81439
In base 16, what is ea21 + 8?
ea29
In base 10, what is 5 + 3629?
3634
In base 5, what is 12120 - 3121?
3444
In base 13, what is ac625 - -7?
ac62c
In base 4, what is -133011 + -3011?
-202022
In base 8, what is 10 + -4641?
-4631
In base 7, what is -1634 - 33?
-2000
In base 3, what is -2001120120 - -11?
-2001120102
In base 6, what is 131441 - 0?
131441
In base 5, what is -101404011 + 2?
-101404004
In base 5, what is 104332 - -323?
110210
In base 12, what is 0 - 1b7?
-1b7
In base 9, what is -225565 - -17?
-225547
In base 2, what is 10000011 + 1001110110100?
1010000110111
In base 14, what is -6511 - 11?
-6522
In base 12, what is -11841 - 0?
-11841
In base 14, what is 417 + -20?
3d7
In base 6, what is 1105243 + 114?
1105401
In base 10, what is -8 - -454690?
454682
In base 9, what is 3 - -2113?
2116
In base 16, what is -f4b5c + -2?
-f4b5e
In base 3, what is -1212 + 1210110?
1201121
In base 14, what is 321880 + -2?
32187c
In base 8, what is 31750 - 7?
31741
In base 7, what is 23 - -1153?
1206
In base 4, what is -13201130 - -2?
-13201122
In base 9, what is -11 + 4804?
4783
In base 10, what is -616458 - -1?
-616457
In base 11, what is 10 - -815a?
816a
In base 14, what is -2b - b4?
-101
In base 15, what is 91cd9 - 0?
91cd9
In base 7, what is 1225 - -431?
1656
In base 2, what is -10101000110001 + -1011?
-10101000111100
In base 7, what is -26 + -525?
-554
In base 2, what is 1000000110010111 - -111011?
1000000111010010
In base 11, what is 5 + -8806?
-8801
In base 3, what is 1 + 112012001111?
112012001112
In base 7, what is -14 + 1353365?
1353351
In base 3, what is -2222200 - 10021?
-10002221
In base 9, what is -110 + 16444?
16334
In base 5, what is -302140043 + -4?
-302140102
In base 12, what is 5b73 - 4?
5b6b
In base 7, what is -521162 - -6?
-521153
In base 4, what is 233 - -1223233?
1230132
In base 6, what is -1542 + -344?
-2330
In base 3, what is 1 + 1122211101?
1122211102
In base 13, what is -52a - 54?
-581
In base 5, what is -1323210 + 131?
-1323024
In base 14, what is b + a6cd?
a6da
In base 10, what is -9929 - -6?
-9923
In base 16, what is 1 + -1b85?
-1b84
In base 15, what is 1d + 1195a?
11978
In base 10, what is 870 + -23?
847
In base 6, what is -322 + -522?
-1244
In base 7, what is 22241 - -606?
23150
In base 13, what is 2 - 21b82a?
-21b828
In base 3, what is -1012001012011 + -11?
-1012001012022
In base 8, what is -546 - 212?
-760
In base 6, what is 0 + -13454?
-13454
In base 3, what is -11 + 11022211110?
11022211022
In base 8, what is -3 + -552510?
-552513
In base 9, what is -24703 + -10?
-24713
In base 4, what is 10 + -2213102?
-2213032
In base 15, what is -41b + -52?
-46d
In base 9, what is 3787770 + -4?
3787765
In base 15, what is -d2b - -94?
-c87
In base 5, what is -40003022 + -3?
-40003030
In base 15, what is 5 - 549a?
-5495
In base 3, what is 11 - -1201110000?
1201110011
In base 3, what is -11 + -2121010001111?
-2121010001122
In base 13, what is -5c892 + -5?
-5c897
In base 12, what is b454 - -1?
b455
In base 11, what is -1aa9 - -2a?
-1a7a
In base 13, what is 20a6 - -94?
216a
In base 16, what is -1e + -2e7?
-305
In base 7, what is -25 + 3124?
3066
In base 9, what is -3034 + -1026?
-4061
In base 9, what is -122 - 802?
-1024
In base 13, what is 1 + -3a7c8b?
-3a7c8a
In base 11, what is -28425 - 159?
-28583
In base 11, what is 561a7 + -35?
56172
In base 9, what is -535745 + 2?
-535743
In base 5, what is -24 + 1134114?
1134040
In base 14, what is -1b - 3d3?
-410
In base 16, what is 4 - 8c44?
-8c40
In base 14, what is -2 - -6707?
6705
In base 12, what is 190 + -13?
179
In base 15, what is -2a66 + -13?
-2a79
In base 7, what is 1401 - -60?
1461
In base 12, what is 2 - 29a856?
-29a854
In base 9, what is 0 - 166215?
-166215
In base 3, what is 21200012102101 - -12?
21200012102120
In base 15, what is 34b2 - -18?
34ca
In base 11, what is -19 + 28749?
28730
In base 14, what is 22a - -28?
254
In base 11, what is a700 - -2a?
a72a
In base 16, what is 5413 + -c?
5407
In base 12, what is -13 + 29b1b?
29b08
In base 12, what is 905 + -8?
8b9
In base 7, what is -1033616 - 2?
-1033621
In base 16, what is -44 - -cb?
87
In base 12, what is b + 3570?
357b
In base 11, what is 1a5a888 + 4?
1a5a891
In base 15, what is 3 - 54bba?
-54bb7
In base 16, what is -2a + 650?
626
In base 6, what is -255513220 + 1?
-255513215
In base 9, what is -163 + -46?
-220
In base 13, what is 2ba + c0?
3aa
In base 13, what is -11b194 - -2?
-11b192
In base 7, what is -14551363 - 5?
-14551401
In base 16, what is -230 - 82?
-2b2
In base 2, what is 101100100111010 - 101?
101100100110101
In base 2, what is 1 + -100100011110000?
-100100011101111
In base 7, what is -2 + -25120?
-25122
In base 15, what is 5be + -7?
5b7
In base 3, what is -1022121120 - -211?
-1022120202
In base 6, what is -114230 + 24?
-114202
In base 4, what is 1300 + -2323?
-1023
In base 12, what is -16 + aa9?
a93
In base 13, what is 389c3 + 5?
389c8
In base 8, what is -21 - 143424?
-143445
In base 7, what is -3 + -6662?
-6665
In base 6, what is -20501 - 105?
-21010
In base 11, what is -3405571 + -1?
-3405572
In base 9, what is 7418 - -1652?
10171
In base 13, what is 396221 + 4?
396225
In base 15, what is -4c6 + -24?
-4ea
In base 3, what is 122111120001012 - -12?
122111120001101
In base 9, what is -1 + -4172?
-4173
In base 16, what is -134 + -12b0?
-13e4
In base 5, what is 33314241 - -11?
33314302
In base 10, what is 598175 - -4?
598179
In base 11, what is 10 + -63634?
-63624
In base 14, what is -2795 + -5?
-279a
In base 11, what is a3 - -426?
519
In base 4, what is -2101 + -10121?
-12222
In base 13, what is -3c28 - 23?
-3c4b
In base 13, what is -26aa43 - 5?
-26aa48
In base 14, what is -5 - 3129a?
-312a1
In base 5, what is 11 + 41433?
41444
In base 7, what is -151043 + 3?
-151040
In base 11, what is 16714 + 8?
16721
In base 11, what is 49894 - -1?
49895
In base 5, what is 1113230 + -1340?
1111340
In base 2, what is -10010101 - 110001111100011?
-110010001111000
In base 4, what is -320003333 + 2?
-320003331
In base 3, what is -1002110 - -11210?
-220200
In base 14, what is -6 - -1c97?
1c91
In base 2, what is 110 - 10000111100010000?
-10000111100001010
In base 6, what is 4 - 31512?
-31504
In base 5, what is 222 + 2031?
2303
In base 4, what is -102130 + -32330?
-201120
In base 13, what is -3 + 3b99?
3b96
In base 15, what is -1 + -4702?
-4703
In base 15, what is 2 - 6bc19?
-6bc17
In base 10, what is 218 + 750?
968
In base 7, what is 0 - -106113?
106113
In base 13, what is -3 + 2c51?
2c4b
In base 2, what is 0 + 111010111011010101111?
111010111011010101111
In base 8, what is 343 + 314?
657
In base 13, what is -2 + 330c48?
330c46
In base 12, what is -585417 + -3?
-58541a
In base 7, w